3 is divided by v.
21
Let p(x) = x**3 - 13*x**2 - 48*x + 5. What is the remainder when 269 is divided by p(16)?
4
Let j = -2141 + 944. Let x be 1/(-6) + j/(-54). Suppose 9*p - 7*p = x. What is the remainder when 31 is divided by p?
9
Let a(k) = 3*k + 9. Let g = -31 + 2. Let x be (g + -4)*(-2)/6. Calculate the remainder when a(x) is divided by 15.
12
Suppose 31 = m + 4*r, m + 255 = 6*m - 5*r. What is the remainder when m is divided by 6?
5
Let q = 36 + 1. What is the remainder when (4 + 0 + q)*2 is divided by 396/14 - 8/28?
26
Suppose -21*o - 27 = -3954. What is the remainder when o is divided by 43?
15
Let m(n) = 44 + 3*n**2 - 39 - 6*n + 0*n. What is the remainder when 143 is divided by m(4)?
27
Let u = -2123 + 3155. What is the remainder when u is divided by 115?
112
Let x = -452 + 885. What is the remainder when x is divided by 5?
3
Let i(b) = -b**2 + 25*b - 29. Calculate the remainder when i(21) is divided by 33.
22
Suppose -3*u = -4*u - z + 1, 0 = 5*z - 5. Let m = 2 + u. Calculate the remainder when 2 is divided by m.
0
Let b = -18 + 42. Suppose -3 = t, k + t + 8 = b. What is the remainder when k is divided by 7?
5
Let g(q) = -q**2 + 5*q + 8. Suppose 0 = -n - 3*n + 24. Let z(t) = -46*t - 42. What is the remainder when z(-1) is divided by g(n)?
0
Suppose 0*w - 8*w = -4528. Let d = w - 389. Calculate the remainder when d is divided by 30.
27
Let p be -4 + (0/(-4) - 2). What is the remainder when -1 - 3/(p/10) is divided by (12/9)/(1/3)?
0
Let r = -1 - -3. Suppose -17*p = -23*p + 738. Let s = -122 + p. What is the remainder when r is divided by s?
0
Suppose -57*r + 2045 = 734. Calculate the remainder when 480 is divided by r.
20
Suppose -36 = -3*h - 3. Calculate the remainder when 481 is divided by h.
8
Let n(i) = -i + 78. What is the remainder when 408 is divided by n(37)?
39
Let i be 260/12 - 1/(-3). Let r = 34 - i. Let b = 373 - 326. Calculate the remainder when b is divided by r.
11
Suppose 0 = -n + k, 14 + 6 = n + 4*k. Let j = -3 + n. What is the remainder when (-42*j)/(-3) + -3 is divided by 6?
5
Calculate the remainder when (122/5)/((-100)/(-750)) is divided by 19.
12
Let c(t) = -t**3 + 5*t**2 - 7*t + 2. Let y be c(5). Let n = -12 - y. Suppose 0*f + 5*f - 405 = 0. What is the remainder when f is divided by n?
18
Let z(b) = -10*b**2 + 692*b - 116. Let x(c) = 9*c**2 + 2*c. What is the remainder when x(3) is divided by z(69)?
21
Suppose -3*x + 62 = 4*j, -98*x + 93*x = -4*j - 82. Let n = 114 + -43. What is the remainder when n is divided by x?
17
Calculate the remainder when 3*((-26)/(-6) - 2) is divided by 2/(-7) - (-192)/84.
1
Let w = -2 - -7. Calculate the remainder when 1316/35 - 3/w is divided by 10.
7
Let o(j) = -7*j**3 - 2*j + 1. Let l be o(1). Let b(x) = -x**2 - 9*x - 8. Let r be b(l). Suppose y - 12 = -r*y. What is the remainder when 33 is divided by y?
9
Suppose 5*m + 25 + 19 = -f, 0 = 5*m + 3*f + 42. Let w = 2 - m. What is the remainder when 37 is divided by w?
4
Let x(g) = 6*g**2 - 2*g + 1. Let b be x(1). Suppose -b*a + 58 = -32. Calculate the remainder when a is divided by 5.
3
Suppose 4*u - 2*h - 34 = 0, -3*u + 10*h - 7*h + 24 = 0. Suppose 3*l = 12, -t + 2*l + 3 = -l. Calculate the remainder when (10/(-5))/((-2)/t) is divided by u.
6
Let h = 306 + -293. What is the remainder when 61 is divided by h?
9
Let h = 24 + -19. Let j be (6/9)/(h/15). Suppose -3*v = -15, -3*v = -5*b - j*v + 325. What is the remainder when b is divided by 17?
15
Let s(u) = -u**3 - 12*u**2 - u - 3. Let k be s(-12). Suppose 0 = -a + k + 18. Suppose -5*t - 28 = -9*t. What is the remainder when a is divided by t?
6
Suppose 0 = -3*c + 21 - 0. Let r(o) = -o**3 + 5*o - 2. Let x be r(-5). Let m = x - 79. Calculate the remainder when m is divided by c.
5
Calculate the remainder when 107/2 + ((-27)/2)/27 is divided by 34/3 + (-2)/6.
9
Suppose 0 = -46*b - 2667 + 827. Let x = 110 - 168. Let u = b - x. What is the remainder when u is divided by 5?
3
Calculate the remainder when ((-5830)/(-40) + 5)*24/9 is divided by 15.
12
Let i(d) = -5*d - 21. Let t(z) = -z**3 - 4*z**2 + 2*z - 3. Let m be t(-4). Calculate the remainder when i(m) is divided by 12.
10
Let x = 32 - -101. Calculate the remainder when x is divided by 15.
13
Let s(t) = -4*t**3 - 8*t**2 - 5*t + 13. Let h(w) = 7*w**3 + 16*w**2 + 11*w - 26. Let p(f) = 3*h(f) + 5*s(f). What is the remainder when 20 is divided by p(-6)?
9
Suppose 0 = 17*b - 21*b. Suppose 28*x - 23*x - 40 = b. What is the remainder when 29 is divided by x?
5
Let v be (9/(-1))/((-9)/6). Suppose p = -2*m + 8, v = p + p - m. Suppose -p*l = 3 - 47. What is the remainder when 20 is divided by l?
9
Let k(o) = 4*o**2 + 19*o - 69. What is the remainder when k(3) is divided by 9?
6
Let i = 54 - 49. Let q = 19 + 8. Calculate the remainder when q is divided by i.
2
Suppose -2116 = 5*r - 4986. Calculate the remainder when r is divided by 18.
16
Let y(c) = c**3 + 2*c**2 - 15*c + 40. Calculate the remainder when 74 is divided by y(0).
34
Let f be -2 + (0 + 12)*3. Suppose -l - l = -f. What is the remainder when 31 is divided by l?
14
Suppose 0 = -79*a + 74*a + 245. What is the remainder when a is divided by 25?
24
Let s(r) = 5*r**2 + 2*r + 1. Let h be s(-1). Let i = h - 4. Suppose 2*d - 74 = -i*d. What is the remainder when d is divided by 19?
18
Suppose 6*u - 28 - 2 = 0. Suppose 0 + 5 = u*h, -2*c + 4 = -4*h. Suppose 0 = c*g - 13 - 171. What is the remainder when g is divided by 12?
10
Let p = -321 - -419. What is the remainder when p is divided by 50?
48
Let m = 209 - 10. Calculate the remainder when m is divided by 71.
57
Suppose -704 = -6*x + 10. Suppose -4*g + x = -53. Calculate the remainder when g is divided by 11.
10
Let c = 112 + -71. Calculate the remainder when (-12 + 459/34)*(0 + 218) is divided by c.
40
Suppose -2*l = -4*d + 166, -5*d - 2*l = -0*l - 194. What is the remainder when 103 is divided by d?
23
Let z = 56 - 2. Calculate the remainder when 215 is divided by z.
53
Let y(x) = 6*x - 149. What is the remainder when 25 is divided by y(27)?
12
Let n(u) = -u**3 - 7*u**2 - 5*u + 11. Let h be 1/(-4) + 23/(-4). What is the remainder when n(h) is divided by 4?
1
Calculate the remainder when 98 is divided by (-2)/11 - ((-4986)/(-33))/(-6).
23
Suppose 631*q - 627*q = 32. What is the remainder when 29 is divided by q?
5
Let b = 81 - 53. Let r = b + -15. Let q(o) = 9*o - 1. Calculate the remainder when q(7) is divided by r.
10
Suppose -x - 14 = 2*x + 4*v, 12 = -4*x - 4*v. Calculate the remainder when -10 + 120 + x + -1 is divided by 28.
27
Let x(f) = 2*f + 26. Let h be x(-13). Suppose 5*y - 4*m = -26, h*y = -y - 3*m + 10. What is the remainder when 197/2 - y/(-4) is divided by 25?
23
What is the remainder when (-21)/3 - -164*1 is divided by 23?
19
Let o(q) = q**2 - 2*q - 6. Calculate the remainder when o(5) is divided by 4*(5 - -3 - 13 - -6).
1
Let n be (0 - (-3 + 213))/(-1). Let b = 502 - n. What is the remainder when b is divided by 59?
56
Let z = -97 - -309. Let u = z - 143. Let y = u - 31. What is the remainder when y is divided by 10?
8
Let k(z) = z**2 + 2*z - 9. Let l be k(-4). What is the remainder when l + (54/24)/((-1)/(-12)) is divided by 14?
12
Let y(d) = -2*d**2 - 104*d + 6. Suppose 2 = -2*j + 4. What is the remainder when (-186)/(-8) - j/4 is divided by y(-52)?
5
Let g(m) = -15*m + 246. Calculate the remainder when 72 is divided by g(15).
9
Let b = -128 + 123. Let s(i) = i**3 + 4*i**2 - 7*i + 2. Calculate the remainder when 39 is divided by s(b).
3
Suppose 3*g + 0*l = -5*l - 119, g = -5*l - 33. Let o = g - -53. What is the remainder when 18 is divided by o?
8
Suppose 26*a = 4*x + 24*a - 234, 0 = -3*x - a + 168. Let d(j) = -j + 15. Calculate the remainder when x is divided by d(0).
12
Let s(m) = -m**2 - 9*m - 14. Let i(h) = -h**2 - 9*h - 13. Let w(a) = 3*i(a) - 2*s(a). Calculate the remainder when 9 is divided by w(-6).
2
Let p = -462 + 541. Calculate the remainder when 235 is divided by p.
77
Let f = 63 + -58. Suppose -5*h + h = 3*z - 1517, -f*h + 1897 = 4*z. Calculate the remainder when h is divided by 63.
62
Let s = 10 - 6. Suppose z + s*z + 4*h = 141, -2*h = -2*z + 42. Calculate the remainder when z is divided by 11.
3
Let q = -19 - -21. Suppose -4*s + 2*f - f + 216 = 0, 0 = -q*s - 3*f + 108. What is the remainder when s is divided